factor of o and 15.
15
Let m = -160 + 168. Let i be (-98)/147*(-4)/(m/795). What is the greatest common factor of 106 and i?
53
Suppose -5*a = 4*y - 13624, 2*y = -94*a + 90*a + 6824. Calculate the highest common divisor of 48 and y.
12
Let c(m) = 1219*m**3 + 20*m**2 - 19*m - 4. Let q be c(2). Calculate the highest common divisor of 220 and q.
110
Suppose 0 = -9*h + 61 + 247 + 124. What is the highest common divisor of 354 and h?
6
Let f = 247 + -367. Let z = f - -144. What is the highest common divisor of z and 30?
6
Let y be 44/(17/8 + -2). Suppose 4660 = 31*k - 11*k. Let f = k - 201. Calculate the greatest common factor of f and y.
32
Let u be 6/(-15)*(-2 + 22). Let z be (-1)/u - 555/(-40). Suppose -o - 2*i + 30 = 0, 3*o + 30*i = 27*i + 87. What is the highest common divisor of o and z?
14
Let i = 231 + -120. Let w = i - 109. Let c be (w - -110)/(3 - 1). What is the highest common factor of c and 7?
7
Suppose -4 = m - 4*j, -2*j - 14 = -m - 7*j. Let a be (-236)/(-8) + 2/m. Suppose 17*t - 11*t - 1260 = 0. Calculate the greatest common divisor of t and a.
30
Let w(z) = 5*z**3 - 38*z**2 + 4*z + 190. Let l be w(11). What is the greatest common divisor of l and 237?
79
Let n(t) = 6396*t - t**3 + 0 - 5 - 5 - 8*t**2 - 6403*t. Let o be n(-8). What is the greatest common divisor of o and 552?
46
Let b(g) = 77*g**2 + 45*g - 191. Let p be b(4). Suppose 9*z - p = 651. What is the greatest common factor of 13 and z?
13
Let a be ((-33)/(-825)*-10)/((-2)/170). Calculate the highest common factor of a and 14705.
17
Let l = 5 + -1. Let o(m) = -32*m + 16. Let f(u) = 32*u - 16. Let j(w) = l*o(w) + 5*f(w). Let i be j(10). What is the greatest common divisor of 38 and i?
38
Let v be (-33 + 4131/119)*21*18. Calculate the highest common factor of 360 and v.
72
Suppose -5*k + 244 + 3 = 3*t, -2*t + 166 = 2*k. Let q be (-696)/(-2)*1*(-18)/24. Let o be q/(-21) - (24/56)/1. Calculate the greatest common factor of o and t.
12
Let p be 1/(-3)*-22*3. Let o = -79 + 85. Suppose 5*x + o = 281. Calculate the greatest common divisor of p and x.
11
Suppose 5*s - 1955 = 2*y - 582, 3 = 3*y. Let h(u) = 35*u**2 - 4*u + 19. Let l be h(1). Calculate the greatest common factor of s and l.
25
Let n = 1 - 18. Let i = n + 20. Let c = -5122 + 5134. What is the greatest common factor of c and i?
3
Suppose 20*h - 5531 - 14709 = 0. What is the highest common factor of 2783 and h?
253
Let y be 2728/(-186)*((-4)/16 + 1666/(-8)). What is the greatest common divisor of y and 22?
22
Suppose 44 = -10*q - 12*q. Let a be -28*3/21*q. Suppose f = 5*j - 4*f - 180, 0 = 4*j - f - 132. Calculate the highest common divisor of a and j.
8
Let q(p) = 2*p - 27. Suppose -v - 6*v - 28 = 0. Let k be (-2 - 1)*(v + 0 + -1). Let b be q(k). What is the greatest common divisor of b and 21?
3
Let a(w) = -4*w**3 - 12*w**2 + 14*w - 42. Let f be a(-6). What is the greatest common divisor of 45 and f?
9
Let b = -4704 + 4705. Suppose -9 = -2*u + 1. Suppose 4*n + w = 2*w + 23, u*n + 4*w = 13. What is the highest common divisor of n and b?
1
Suppose 15*v - 167905 = -0*v + 99395. What is the highest common factor of v and 18?
18
Let o(a) = a**3 - 106*a**2 + 279*a - 88. Let k be o(104). Calculate the greatest common factor of 57 and k.
57
Let v = 197 - 235. Let m be (v/(-8))/((-26)/(-104)). What is the greatest common factor of m and 171?
19
Let q = 58 - 73. Let l be 52 + (3 + 2)*q/(-25). Let v = 109 - l. Calculate the greatest common divisor of 36 and v.
18
Let h be 15/(-6)*-6 - 2. Let r(s) = s**3 + 4*s**2 + 14*s + 637. Let d be r(0). Calculate the greatest common divisor of h and d.
13
Let d = 13299 - 11453. What is the highest common divisor of 284 and d?
142
Let r(v) = 23*v**2 + 88*v + 1387. Let y be r(-12). Calculate the greatest common divisor of y and 1.
1
Let j(d) = 3*d**2 + 5. Let l be j(-2). Suppose -60*i - 295 = -1315. What is the greatest common factor of l and i?
17
Let n = 7 + -15. Let s = n + 16. Suppose 2*x + 3 + 13 = 0, -3*o + x + 1 + 10 = 0. What is the greatest common divisor of o and s?
1
Let u(h) = h**2 - 14*h - 368. Let f be u(40). Calculate the greatest common divisor of f and 1824.
96
Let k = 316 + -250. Suppose 32*s - 62 = k. What is the highest common divisor of 200 and s?
4
Let q(f) = -6*f**3 - 3*f**2 + 8*f + 17. Let n be q(-3). Suppose -n = -3*w + 67. What is the greatest common factor of 130 and w?
65
Let z(g) = -2*g**2 - 13*g + 78. Let o be z(-15). Let f = 39 - o. Calculate the highest common divisor of f and 144.
72
Let k be 7/((-28)/(-12)) - -1 - -10. Suppose 63*d = 61*d - k. Let h be d + 10 - -22*(-2)/(-4). What is the highest common divisor of 49 and h?
7
Suppose 5*b = b + 2*i + 1706, 2*i = b - 434. Suppose 427*y - b*y - 885 = 0. Calculate the greatest common divisor of y and 59.
59
Suppose 3*w = 5*p + 76 + 22, -2*w = -2*p - 68. Let h be 343/4 + w/(-48). Suppose 2*r = 10 + 24. Calculate the greatest common factor of h and r.
17
Let j be -35 - (-3)/(-3*1). Suppose 14*t - 72 = 17*t. Let m = t - j. What is the greatest common factor of 42 and m?
6
Let r(p) = -19*p**2 + 3*p - 4. Let l be r(1). Let q be (-32)/l*((-22)/(-4) + -3). Let k = 1 + 1. What is the greatest common factor of q and k?
2
Let v be 2*((-18)/10 - -2)*160. Let w be v + 6 + 7 + -2 + -1. Calculate the highest common factor of 1702 and w.
74
Let y(z) = -235*z - 5. Let u be y(2). Let n = 206 + u. Let t = -144 - n. What is the greatest common divisor of t and 50?
25
Let y be 2*9/(-6)*(-82)/6. Let w = -41 + y. Let j(m) = -m**2 + 4*m + 13. Let b be j(w). What is the highest common divisor of b and 39?
13
Suppose -50 = -4*t + 2*c, -t = t - 5*c - 45. Let r(q) = -q**3 + 13*q**2 - 12*q. Let v = -48 + 59. Let g be r(v). What is the highest common factor of t and g?
10
Let q be (4/6)/(681/171 + -4). Let w be q/(-8) + 1/4. Let i = 21 - 1. What is the highest common factor of i and w?
5
Let j be (-10 + (-799)/(-68))*48. Calculate the highest common divisor of 2912 and j.
28
Let p = -16353 - -16722. What is the highest common divisor of p and 3485?
41
Let a = -571 - -15. Let z = 1404 + a. Calculate the greatest common factor of 53 and z.
53
Let n be (-4)/(-18) + (-30484)/(-36) + 12. Let w = 896 - n. Suppose -f = -5*f + 1628. What is the highest common divisor of w and f?
37
Suppose 11*h + 10*h - 777 = 0. Suppose -7*o - h*o = -44. What is the greatest common factor of o and 59?
1
Let k be 385776/702 + 30/65. Calculate the greatest common divisor of 4250 and k.
50
Let m(x) be the first derivative of -x**3/3 - 19. Let y be m(1). Let r be (20/(-4) + 7)/(y/(-28)). Calculate the highest common factor of r and 7.
7
Suppose 99*a - 97*a - 96 = 0. Calculate the greatest common factor of 8016 and a.
48
Suppose -5*k + 98 = 28. Suppose 5*b = -14 + 24. Suppose -42 = -b*v + 5*f, 41 + 64 = 5*v - 2*f. What is the greatest common factor of v and k?
7
Suppose -5*g - 2087 = -4*s, -44*s - 2*g = -41*s - 1594. Calculate the greatest common divisor of s and 319.
11
Suppose -29*m = -22*m + 42. Let o be (-93)/m - 85/(-34). Calculate the highest common divisor of o and 66.
6
Let a be (80/8)/(1 + (-14)/16). Suppose 104 + 84 = 2*r. Suppose r = -5*i - x + 250, 3*x - 52 = -2*i. Calculate the greatest common divisor of i and a.
16
Let a(m) = 2*m**2 + 9*m - 3. Let p be a(-7). Let b(n) = 2*n**3 - 20*n**2 + 16*n - 48. Let y be b(10). Calculate the greatest common factor of p and y.
16
Suppose -10*a + 2*a - 120 = 0. Let f be (36/(-8) - -4)*(a + -3). What is the greatest common divisor of f and 63?
9
Let s be 36/1*(-10)/(-8). Suppose 0 = k - 463 + s. Calculate the greatest common factor of 38 and k.
38
Let v be (208/10)/(216/2700). Suppose -262*l + 174 = -v*l. What is the greatest common factor of l and 58?
29
Suppose 2495*q = 2496*q - 2*n - 1039, 0 = -3*q + 5*n + 3121. What is the greatest common divisor of 6 and q?
3
Let z be (1568/60 - -6) + -4 + (-232)/(-60). Calculate the highest common factor of 5 and z.
1
Let h(k) = -12*k**3 - 8*k**2 + 14*k - 5. Let z be h(-5). Calculate the highest common divisor of z and 42.
7
Let l = -6 - -15. Suppose 3*v - l + 3 = 0. Suppose 2*w - 192 = -v*w. What is the greatest common divisor of 12 and w?
12
Let p = 716 + -914. Let z be 18/(p/55)*(-84)/10. What is the highest common divisor of z and 574?
14
Let p be 10/(2 - -38) - 1526/(-8). Let f = 